{"id":299,"date":"2022-10-29T20:45:34","date_gmt":"2022-10-29T18:45:34","guid":{"rendered":"http:\/\/blog-force4disc.com\/?page_id=299"},"modified":"2022-10-29T21:03:29","modified_gmt":"2022-10-29T19:03:29","slug":"comment-creer-un-classeur-sur-force4disc","status":"publish","type":"page","link":"https:\/\/blog-force4disc.com\/index.php\/comment-creer-un-classeur-sur-force4disc\/","title":{"rendered":"Comment cr\u00e9er un classeur sur Force4DISC ?"},"content":{"rendered":"\n<p>Faites de votre personnalit\u00e9 votre force.<\/p>\n\n\n\n<p>Les classeurs permettent d\u2019organiser les profils. Un classeur peut correspondre \u00e0 une \u00e9quipe, \u00e0 une formation, \u00e0 un s\u00e9minaire, \u00e0 un groupe d\u2019amis, \u00e0 une ann\u00e9e, etc.<\/p>\n\n\n\n<p>Un profil peut \u00eatre rang\u00e9 dans plusieurs classeurs \u00e0 la fois. Par exemple, le profil de Marc, qui est chef comptable, pourrait \u00eatre associ\u00e9 \u00e0 la fois dans le classeur du d\u00e9partement compta et dans le classeur des responsables d\u2019\u00e9quipes.<\/p>\n\n\n\n<p>Les classeurs sont accessibles depuis le tableau de bord.<\/p>\n\n\n\n<figure class=\"wp-block-image aligncenter size-large is-resized img-bordered\"><img loading=\"lazy\" decoding=\"async\" src=\"http:\/\/blog-force4disc.com\/wp-content\/uploads\/2022\/10\/dashboard-01-899x1024.png\" alt=\"\" class=\"wp-image-301\" width=\"674\" height=\"768\" srcset=\"https:\/\/blog-force4disc.com\/wp-content\/uploads\/2022\/10\/dashboard-01-899x1024.png 899w, https:\/\/blog-force4disc.com\/wp-content\/uploads\/2022\/10\/dashboard-01-263x300.png 263w, https:\/\/blog-force4disc.com\/wp-content\/uploads\/2022\/10\/dashboard-01-768x875.png 768w, https:\/\/blog-force4disc.com\/wp-content\/uploads\/2022\/10\/dashboard-01-1349x1536.png 1349w, https:\/\/blog-force4disc.com\/wp-content\/uploads\/2022\/10\/dashboard-01-1798x2048.png 1798w\" sizes=\"auto, (max-width: 674px) 100vw, 674px\" \/><\/figure>\n\n\n\n<p>Le formulaire de cr\u00e9ation des classeurs demande de renseigner&nbsp;:<\/p>\n\n\n\n<ul class=\"wp-block-list\"><li>Un label<\/li><li>Une description, qui sera reprise dans le rapport PDF du classeur<\/li><\/ul>\n\n\n\n<figure class=\"wp-block-image aligncenter size-large is-resized img-bordered\"><img loading=\"lazy\" decoding=\"async\" src=\"http:\/\/blog-force4disc.com\/wp-content\/uploads\/2022\/10\/folder-01-1024x967.png\" alt=\"\" class=\"wp-image-303\" width=\"768\" height=\"725\" srcset=\"https:\/\/blog-force4disc.com\/wp-content\/uploads\/2022\/10\/folder-01-1024x967.png 1024w, https:\/\/blog-force4disc.com\/wp-content\/uploads\/2022\/10\/folder-01-300x283.png 300w, https:\/\/blog-force4disc.com\/wp-content\/uploads\/2022\/10\/folder-01-768x725.png 768w, https:\/\/blog-force4disc.com\/wp-content\/uploads\/2022\/10\/folder-01-1536x1451.png 1536w, https:\/\/blog-force4disc.com\/wp-content\/uploads\/2022\/10\/folder-01-2048x1934.png 2048w\" sizes=\"auto, (max-width: 768px) 100vw, 768px\" \/><\/figure>\n\n\n\n<p>Lorsqu\u2019un classeur est cr\u00e9\u00e9, il apparait imm\u00e9diatement dans la liste des classeurs.<\/p>\n\n\n\n<figure class=\"wp-block-image aligncenter size-large is-resized img-bordered\"><img loading=\"lazy\" decoding=\"async\" src=\"http:\/\/blog-force4disc.com\/wp-content\/uploads\/2022\/10\/folder-02-1024x774.png\" alt=\"\" class=\"wp-image-304\" width=\"768\" height=\"581\" srcset=\"https:\/\/blog-force4disc.com\/wp-content\/uploads\/2022\/10\/folder-02-1024x774.png 1024w, https:\/\/blog-force4disc.com\/wp-content\/uploads\/2022\/10\/folder-02-300x227.png 300w, https:\/\/blog-force4disc.com\/wp-content\/uploads\/2022\/10\/folder-02-768x581.png 768w, https:\/\/blog-force4disc.com\/wp-content\/uploads\/2022\/10\/folder-02-1536x1162.png 1536w, https:\/\/blog-force4disc.com\/wp-content\/uploads\/2022\/10\/folder-02-2048x1549.png 2048w\" sizes=\"auto, (max-width: 768px) 100vw, 768px\" \/><\/figure>\n\n\n\n<p>Il est conseill\u00e9 de cr\u00e9er des classeurs d\u00e9di\u00e9s pour chaque groupe, occasion, s\u00e9minaire, etc.<\/p>\n\n\n\n<figure class=\"wp-block-image aligncenter size-large is-resized img-bordered\"><img loading=\"lazy\" decoding=\"async\" src=\"http:\/\/blog-force4disc.com\/wp-content\/uploads\/2022\/10\/folder-03-1024x734.png\" alt=\"\" class=\"wp-image-306\" width=\"768\" height=\"551\" srcset=\"https:\/\/blog-force4disc.com\/wp-content\/uploads\/2022\/10\/folder-03-1024x734.png 1024w, https:\/\/blog-force4disc.com\/wp-content\/uploads\/2022\/10\/folder-03-300x215.png 300w, https:\/\/blog-force4disc.com\/wp-content\/uploads\/2022\/10\/folder-03-768x551.png 768w, https:\/\/blog-force4disc.com\/wp-content\/uploads\/2022\/10\/folder-03-1536x1101.png 1536w, https:\/\/blog-force4disc.com\/wp-content\/uploads\/2022\/10\/folder-03-2048x1468.png 2048w\" sizes=\"auto, (max-width: 768px) 100vw, 768px\" \/><\/figure>\n\n\n\n<p>La liste des classeurs indique le nombre de tests finis ou en attente pour chaque classeur.<\/p>\n\n\n\n<figure class=\"wp-block-image aligncenter size-large is-resized img-bordered\"><img loading=\"lazy\" decoding=\"async\" src=\"http:\/\/blog-force4disc.com\/wp-content\/uploads\/2022\/10\/folder-04-1024x734.png\" alt=\"\" class=\"wp-image-307\" width=\"768\" height=\"551\" srcset=\"https:\/\/blog-force4disc.com\/wp-content\/uploads\/2022\/10\/folder-04-1024x734.png 1024w, https:\/\/blog-force4disc.com\/wp-content\/uploads\/2022\/10\/folder-04-300x215.png 300w, https:\/\/blog-force4disc.com\/wp-content\/uploads\/2022\/10\/folder-04-768x551.png 768w, https:\/\/blog-force4disc.com\/wp-content\/uploads\/2022\/10\/folder-04-1536x1101.png 1536w, https:\/\/blog-force4disc.com\/wp-content\/uploads\/2022\/10\/folder-04-2048x1468.png 2048w\" sizes=\"auto, (max-width: 768px) 100vw, 768px\" \/><\/figure>\n\n\n\n<p>La page des d\u00e9tails des classeurs propose plusieurs volets. Le premier volet permet de consulter les tests termin\u00e9s associ\u00e9s au classeur.<\/p>\n\n\n\n<figure class=\"wp-block-image aligncenter size-large is-resized img-bordered\"><img loading=\"lazy\" decoding=\"async\" src=\"http:\/\/blog-force4disc.com\/wp-content\/uploads\/2022\/10\/folder-06-1024x740.png\" alt=\"\" class=\"wp-image-309\" width=\"768\" height=\"555\" srcset=\"https:\/\/blog-force4disc.com\/wp-content\/uploads\/2022\/10\/folder-06-1024x740.png 1024w, https:\/\/blog-force4disc.com\/wp-content\/uploads\/2022\/10\/folder-06-300x217.png 300w, https:\/\/blog-force4disc.com\/wp-content\/uploads\/2022\/10\/folder-06-768x555.png 768w, https:\/\/blog-force4disc.com\/wp-content\/uploads\/2022\/10\/folder-06-1536x1110.png 1536w, https:\/\/blog-force4disc.com\/wp-content\/uploads\/2022\/10\/folder-06-2048x1481.png 2048w\" sizes=\"auto, (max-width: 768px) 100vw, 768px\" \/><\/figure>\n\n\n\n<p>Le volet suivant offre des graphes d\u2019\u00e9quipe. Les graphes d\u2019\u00e9quipe permettent de voir la position de tous les profils d\u2019un coup sur la roue.<\/p>\n\n\n\n<figure class=\"wp-block-image aligncenter size-large is-resized img-bordered\"><img loading=\"lazy\" decoding=\"async\" src=\"http:\/\/blog-force4disc.com\/wp-content\/uploads\/2022\/10\/folder-07-1024x525.png\" alt=\"\" class=\"wp-image-310\" width=\"768\" height=\"394\" srcset=\"https:\/\/blog-force4disc.com\/wp-content\/uploads\/2022\/10\/folder-07-1024x525.png 1024w, https:\/\/blog-force4disc.com\/wp-content\/uploads\/2022\/10\/folder-07-300x154.png 300w, https:\/\/blog-force4disc.com\/wp-content\/uploads\/2022\/10\/folder-07-768x394.png 768w, https:\/\/blog-force4disc.com\/wp-content\/uploads\/2022\/10\/folder-07-1536x787.png 1536w, https:\/\/blog-force4disc.com\/wp-content\/uploads\/2022\/10\/folder-07-2048x1050.png 2048w\" sizes=\"auto, (max-width: 768px) 100vw, 768px\" \/><\/figure>\n\n\n\n<p>Le volet suivant permet de suivre les tests non termin\u00e9s et, si besoin, de les annuler ou de relancer la personne.<\/p>\n\n\n\n<figure class=\"wp-block-image aligncenter size-large is-resized img-bordered\"><img loading=\"lazy\" decoding=\"async\" src=\"http:\/\/blog-force4disc.com\/wp-content\/uploads\/2022\/10\/folder-08-1024x419.png\" alt=\"\" class=\"wp-image-311\" width=\"768\" height=\"314\" srcset=\"https:\/\/blog-force4disc.com\/wp-content\/uploads\/2022\/10\/folder-08-1024x419.png 1024w, https:\/\/blog-force4disc.com\/wp-content\/uploads\/2022\/10\/folder-08-300x123.png 300w, https:\/\/blog-force4disc.com\/wp-content\/uploads\/2022\/10\/folder-08-768x314.png 768w, https:\/\/blog-force4disc.com\/wp-content\/uploads\/2022\/10\/folder-08-1536x629.png 1536w, https:\/\/blog-force4disc.com\/wp-content\/uploads\/2022\/10\/folder-08-2048x838.png 2048w\" sizes=\"auto, (max-width: 768px) 100vw, 768px\" \/><\/figure>\n\n\n\n<p>Le rapport PDF des classeurs r\u00e9sume les profils associ\u00e9s au classeur. Ce rapport est g\u00e9n\u00e9ralement utilis\u00e9 par les coachs mais peut \u00eatre transmis au client.<\/p>\n\n\n\n<figure class=\"wp-block-image aligncenter size-large is-resized img-bordered\"><img loading=\"lazy\" decoding=\"async\" src=\"http:\/\/blog-force4disc.com\/wp-content\/uploads\/2022\/10\/folder-05-814x1024.png\" alt=\"\" class=\"wp-image-308\" width=\"611\" height=\"768\" srcset=\"https:\/\/blog-force4disc.com\/wp-content\/uploads\/2022\/10\/folder-05-814x1024.png 814w, https:\/\/blog-force4disc.com\/wp-content\/uploads\/2022\/10\/folder-05-239x300.png 239w, https:\/\/blog-force4disc.com\/wp-content\/uploads\/2022\/10\/folder-05-768x966.png 768w, https:\/\/blog-force4disc.com\/wp-content\/uploads\/2022\/10\/folder-05-1221x1536.png 1221w, https:\/\/blog-force4disc.com\/wp-content\/uploads\/2022\/10\/folder-05-1628x2048.png 1628w\" sizes=\"auto, (max-width: 611px) 100vw, 611px\" \/><\/figure>\n\n\n\n<p>Sur la page des r\u00e9sultats, les tests sont ventil\u00e9s directement sur les classeurs auxquels ils ont \u00e9t\u00e9 associ\u00e9s. Les classeurs vides ne sont pas affich\u00e9s. Les tests non associ\u00e9s \u00e0 un classeur sont regroup\u00e9s.<\/p>\n\n\n\n<figure class=\"wp-block-image aligncenter size-large is-resized img-bordered\"><img loading=\"lazy\" decoding=\"async\" src=\"http:\/\/blog-force4disc.com\/wp-content\/uploads\/2022\/10\/resultats-01-1024x748.png\" alt=\"\" class=\"wp-image-312\" width=\"768\" height=\"561\" srcset=\"https:\/\/blog-force4disc.com\/wp-content\/uploads\/2022\/10\/resultats-01-1024x748.png 1024w, https:\/\/blog-force4disc.com\/wp-content\/uploads\/2022\/10\/resultats-01-300x219.png 300w, https:\/\/blog-force4disc.com\/wp-content\/uploads\/2022\/10\/resultats-01-768x561.png 768w, https:\/\/blog-force4disc.com\/wp-content\/uploads\/2022\/10\/resultats-01-1536x1122.png 1536w, https:\/\/blog-force4disc.com\/wp-content\/uploads\/2022\/10\/resultats-01-2048x1495.png 2048w\" sizes=\"auto, (max-width: 768px) 100vw, 768px\" \/><\/figure>\n","protected":false},"excerpt":{"rendered":"<p>Faites de votre personnalit\u00e9 votre force. Les classeurs permettent d\u2019organiser les profils. Un classeur peut correspondre \u00e0 une \u00e9quipe, \u00e0 une formation, \u00e0 un s\u00e9minaire, \u00e0 un groupe d\u2019amis, \u00e0 une ann\u00e9e, etc. Un profil peut \u00eatre rang\u00e9 dans plusieurs classeurs \u00e0 la fois. Par exemple, le profil de Marc, qui est chef comptable, pourrait &hellip;<\/p>\n<p class=\"read-more\"> <a class=\"\" href=\"https:\/\/blog-force4disc.com\/index.php\/comment-creer-un-classeur-sur-force4disc\/\"> <span class=\"screen-reader-text\">Comment cr\u00e9er un classeur sur Force4DISC ?<\/span> Read More &raquo;<\/a><\/p>\n","protected":false},"author":1,"featured_media":0,"parent":0,"menu_order":0,"comment_status":"closed","ping_status":"closed","template":"","meta":{"site-sidebar-layout":"default","site-content-layout":"","ast-site-content-layout":"","site-content-style":"default","site-sidebar-style":"default","ast-global-header-display":"","ast-banner-title-visibility":"","ast-main-header-display":"","ast-hfb-above-header-display":"","ast-hfb-below-header-display":"","ast-hfb-mobile-header-display":"","site-post-title":"","ast-breadcrumbs-content":"","ast-featured-img":"","footer-sml-layout":"","theme-transparent-header-meta":"","adv-header-id-meta":"","stick-header-meta":"","header-above-stick-meta":"","header-main-stick-meta":"","header-below-stick-meta":"","astra-migrate-meta-layouts":"","ast-page-background-enabled":"default","ast-page-background-meta":{"desktop":{"background-color":"var(--ast-global-color-4)","background-image":"","background-repeat":"repeat","background-position":"center center","background-size":"auto","background-attachment":"scroll","background-type":"","background-media":"","overlay-type":"","overlay-color":"","overlay-gradient":""},"tablet":{"background-color":"","background-image":"","background-repeat":"repeat","background-position":"center center","background-size":"auto","background-attachment":"scroll","background-type":"","background-media":"","overlay-type":"","overlay-color":"","overlay-gradient":""},"mobile":{"background-color":"","background-image":"","background-repeat":"repeat","background-position":"center center","background-size":"auto","background-attachment":"scroll","background-type":"","background-media":"","overlay-type":"","overlay-color":"","overlay-gradient":""}},"ast-content-background-meta":{"desktop":{"background-color":"var(--ast-global-color-5)","background-image":"","background-repeat":"repeat","background-position":"center center","background-size":"auto","background-attachment":"scroll","background-type":"","background-media":"","overlay-type":"","overlay-color":"","overlay-gradient":""},"tablet":{"background-color":"var(--ast-global-color-5)","background-image":"","background-repeat":"repeat","background-position":"center center","background-size":"auto","background-attachment":"scroll","background-type":"","background-media":"","overlay-type":"","overlay-color":"","overlay-gradient":""},"mobile":{"background-color":"var(--ast-global-color-5)","background-image":"","background-repeat":"repeat","background-position":"center center","background-size":"auto","background-attachment":"scroll","background-type":"","background-media":"","overlay-type":"","overlay-color":"","overlay-gradient":""}},"footnotes":""},"class_list":["post-299","page","type-page","status-publish","hentry"],"_links":{"self":[{"href":"https:\/\/blog-force4disc.com\/index.php\/wp-json\/wp\/v2\/pages\/299","targetHints":{"allow":["GET"]}}],"collection":[{"href":"https:\/\/blog-force4disc.com\/index.php\/wp-json\/wp\/v2\/pages"}],"about":[{"href":"https:\/\/blog-force4disc.com\/index.php\/wp-json\/wp\/v2\/types\/page"}],"author":[{"embeddable":true,"href":"https:\/\/blog-force4disc.com\/index.php\/wp-json\/wp\/v2\/users\/1"}],"replies":[{"embeddable":true,"href":"https:\/\/blog-force4disc.com\/index.php\/wp-json\/wp\/v2\/comments?post=299"}],"version-history":[{"count":14,"href":"https:\/\/blog-force4disc.com\/index.php\/wp-json\/wp\/v2\/pages\/299\/revisions"}],"predecessor-version":[{"id":326,"href":"https:\/\/blog-force4disc.com\/index.php\/wp-json\/wp\/v2\/pages\/299\/revisions\/326"}],"wp:attachment":[{"href":"https:\/\/blog-force4disc.com\/index.php\/wp-json\/wp\/v2\/media?parent=299"}],"curies":[{"name":"wp","href":"https:\/\/api.w.org\/{rel}","templated":true}]}}